(-14)?
20
Let h(t) = 4*t - 159. Calculate h(32).
-31
Let k(z) = -42*z + 196. What is k(5)?
-14
Let r(b) = b**3 + 8*b**2 + 3*b + 2. What is r(-7)?
30
Let t(m) = 45*m**3 + 2*m**2 - m - 2. Give t(-1).
-44
Let j(f) = 10*f - 16. Give j(2).
4
Let c(k) = k**3 - 3*k**2 + 6*k - 2. Give c(4).
38
Let c(g) = -g**2 + 2*g - 2. What is c(0)?
-2
Let s(a) = -11*a + 29. Calculate s(4).
-15
Let o(p) = -p**2 - 11*p + 36. Determine o(-14).
-6
Let s(j) = -j**3 - 4*j**2 - 5*j - 14. What is s(-4)?
6
Let f(i) = -2*i**3 + 3*i**2 + 5*i + 2. Give f(-2).
20
Let o(c) = 4*c + 34. Calculate o(-9).
-2
Let c(o) = o**2 + 13*o + 16. What is c(-11)?
-6
Let p(l) = -2*l - 3. Calculate p(11).
-25
Let p(k) = -2*k**2 + 11*k + 6. Calculate p(6).
0
Let y(r) = -4*r + 4. Calculate y(-6).
28
Let g(c) = -12*c + 3. Determine g(1).
-9
Let l(t) = -t**2 + 16*t + 38. Give l(17).
21
Let g(t) = t**2 + t - 28. What is g(-6)?
2
Let t(p) = 2*p**2 + 7*p - 49. Calculate t(-7).
0
Let k(a) = -a**3 + 6*a**2 + 4*a - 21. What is k(6)?
3
Let o(c) = c - 16. What is o(7)?
-9
Let i(j) = -90*j + 364. Calculate i(4).
4
Let a(t) = -4*t - 101. Determine a(0).
-101
Let t(q) = -q**3 - 4*q**2 + 8*q + 2. Give t(-6).
26
Let y(c) = -14*c**2 - 7*c - 7. Determine y(-1).
-14
Let m(j) = -j**3 - 4*j**2 - 4*j - 1. Give m(-3).
2
Let k(x) = 4*x**3 - 14*x**2 + 12*x - 1. Give k(3).
17
Let z(m) = m**3 + 22*m**2 + 107*m + 20. What is z(-7)?
6
Let a(n) = 5*n**2 + 48*n + 1. What is a(-10)?
21
Let m(t) = t**3 + 5*t**2 - 2*t + 16. Give m(-6).
-8
Let i(k) = -k**2 - 23*k + 64. Give i(-26).
-14
Let f(n) = -n**2 + 6*n - 9. Calculate f(4).
-1
Let b(v) = 2*v - 12. What is b(10)?
8
Let z(u) = -7*u**3 - 1. Determine z(-1).
6
Let d(h) = h**3 - 5*h**2 - 9*h + 27. What is d(6)?
9
Let s(q) = q**2 - 6*q - 18. Determine s(8).
-2
Let m(l) = 3*l**2 - 40*l + 3. What is m(13)?
-10
Let l(h) = -h**3 + 19*h**2 - 2*h + 35. Determine l(19).
-3
Let o(i) = 2*i**3 - 4*i**2 + 5*i - 3. Calculate o(3).
30
Let w(p) = p - 3. Determine w(2).
-1
Let s(o) = o - 19. Give s(16).
-3
Let x(f) = -13*f**2 - 55*f - 2. Give x(-4).
10
Let o(g) = -4*g - 47. What is o(-14)?
9
Let x(t) = -5*t + 32. What is x(5)?
7
Let n(v) = 36*v - 151. Give n(5).
29
Let s(b) = b**3 + 8*b**2 + 2. Calculate s(-8).
2
Let w(f) = -36*f - 5. What is w(-2)?
67
Let r(g) = -2*g**3 + g**2 - 2*g - 3. Determine r(-2).
21
Let t(i) = i**3 + 8*i**2 + 4*i + 1. What is t(-8)?
-31
Let g(i) = i**3 - 23*i**2 - 27*i + 35. What is g(24)?
-37
Let i(j) = 13*j + 46. Calculate i(-4).
-6
Let b(q) = 2*q + 28. What is b(-6)?
16
Let g(m) = -6*m**3 - m**2 - 2*m + 3. Give g(1).
-6
Let x(o) = -2*o**3 - 4*o**2 - 3*o - 4. Give x(-3).
23
Let x(z) = 88*z - 259. Determine x(3).
5
Let o(w) = w**2 + w - 25. What is o(0)?
-25
Let g(r) = 3*r**2 - 1. Determine g(-2).
11
Let g(t) = -7*t + 5. What is g(-3)?
26
Let f(l) = l**3 - 10*l**2 + 18*l - 11. What is f(8)?
5
Let u(z) = -4*z + 37. Give u(-11).
81
Let n(o) = o - 14. Give n(6).
-8
Let v(d) = -15*d + 9. What is v(-4)?
69
Let q(s) = -48*s - 580. Give q(-12).
-4
Let b(p) = 2*p**2 - 25*p - 28. Give b(16).
84
Let l(d) = -d**3 - d**2 - 80. Give l(0).
-80
Let s(m) = -m + 2. What is s(4)?
-2
Let o(k) = -k**3 - 12*k**2 - 9*k + 5. Determine o(-12).
113
Let l(u) = -u**3 + 15*u**2 - 12*u - 6. Calculate l(14).
22
Let b(g) = g**2 - 6*g - 7. Calculate b(5).
-12
Let i(t) = -t**2 - 21*t - 14. What is i(-20)?
6
Let u(p) = 6*p - 15. Calculate u(-2).
-27
Let m(t) = 8*t**2 + 32*t - 7. What is m(-5)?
33
Let i(m) = m**3 - 4*m**2 - 2*m - 2. Give i(5).
13
Let o(d) = -d**3 - 14*d**2 + 2*d + 17. Determine o(-14).
-11
Let l(c) = 35*c - 12. Determine l(6).
198
Let p(v) = -v**2 + 14*v - 17. Give p(12).
7
Let j(m) = -m**2 + 9*m - 23. Give j(5).
-3
Let v(l) = -l**2 + 5*l + 7. Determine v(5).
7
Let t(w) = w**2 + 24*w - 38. Give t(-26).
14
Let p(w) = -w**3 - 11*w**2 - 10*w - 1. What is p(-10)?
-1
Let n(x) = -3*x - 29. Determine n(-14).
13
Let j(h) = 14*h - 9. Determine j(2).
19
Let v(p) = 27*p**2 - p + 1. Determine v(1).
27
Let v(t) = t**3 + 6*t**2 - 14*t - 23. Give v(-8).
-39
Let g(b) = -b**3 - 9*b**2 + 8*b - 21. Determine g(-10).
-1
Let o(d) = 3*d**2 + d + 3. Calculate o(4).
55
Let x(r) = -r**3 + 4*r**2 - 7. What is x(3)?
2
Let g(j) = -6*j**2 + 3*j + 2. Give g(-1).
-7
Let q(a) = -a**3 - 8*a**2 - 8*a - 18. Calculate q(-7).
-11
Let m(y) = -y**3 - 8*y**2 + 2*y - 12. What is m(-9)?
51
Let d(n) = 4*n - 42. Calculate d(8).
-10
Let l(n) = 86*n**2 + 861*n + 6. Calculate l(-10).
-4
Let b(p) = p**2 - 10*p - 1. Give b(10).
-1
Let j(t) = -10*t - 77. Give j(-9).
13
Let r(i) = -i + 5. What is r(8)?
-3
Let n(s) = -132*s - 129. What is n(-1)?
3
Let p(s) = -s**2 - 5*s + 4. Give p(-8).
-20
Let b(x) = 135*x - 5. Determine b(1).
130
Let i(v) = -114*v - 106. Give i(-1).
8
Let w(b) = -b**2 - 11*b - 30. Give w(-5).
0
Let o(l) = -l**3 + 2*l**2 + 12*l + 5. Determine o(-4).
53
Let s(l) = -l**2 + 17*l - 28. Give s(15).
2
Let k(z) = 21*z - 379. What is k(18)?
-1
Let u(f) = 2*f**2 - f - 65. Give u(0).
-65
Let m(x) = -2*x + 38. Calculate m(17).
4
Let o(u) = 8*u**2 - 2*u - 3. Calculate o(-1).
7
Let y(a) = -a**3 - 15*a**2 - a - 12. What is y(-15)?
3
Let z(g) = -4*g**3 + 56*g**2 - 3*g + 31. Determine z(14).
-11
Let g(d) = d**3 + 18*d**2 + 82*d + 21. Determine g(-10).
1
Let w(x) = 3*x**2 - 44*x - 35. Give w(15).
-20
Let l(g) = -2*g**2 - 6*g + 7. What is l(-7)?
-49
Let y(g) = -32*g + 23. Calculate y(1).
-9
Let v(a) = -2*a**2 - 11*a + 21. Give v(-10).
-69
Let w(k) = -12*k**2 + 4*k - 3. What is w(2)?
-43
Let a(x) = x**2 + 17*x + 12. Calculate a(-6).
-54
Let j(x) = -6*x - 84. What is j(-12)?
-12
Let d(v) = v**3 - 5*v**2 - 3*v + 1. Calculate d(6).
19
Let o(q) = -q**2 + 4*q - 2. Calculate o(4).
-2
Let m(y) = -y**2 - 11*y - 14. Determine m(-6).
16
Let y(l) = -59*l + 3. Determine y(1).
-56
Let n(a) = 79*a**3 + a**2 + a. Calculate n(-1).
-79
Let c(i) = -2*i - 6. What is c(3)?
-12
Let v(l) = 11*l - 3. What is v(6)?
63
Let v(o) = 2*o**2 + 47*o - 26. Calculate v(-24).
-2
Let w(n) = n**2 - 8*n + 31. Give w(5).
16
Let l(v) = -52*v + 9. What is l(1)?
-43
Let d(b) = -16*b - 272. Give d(-17).
0
Let v(w) = -7*w**2 + 2*w + 3. Determine v(-2).
-29
Let x(a) = -a - 10. What is x(-11)?
1
Let x(y) = y - 2. What is x(-7)?
-9
Let v(j) = j**3 - 2*j**2 - 51*j + 17. Calculate v(8).
-7
Let l(q) = -9*q - 4. What is l(-6)?
50
Let n(t) = -t**2 - 7*t + 15. What is n(-14)?
-83
Let c(l) = 14*l - 134. What is c(10)?
6
Let p(b) = -14*b - 193. What is p(-14)?
3
Let n(t) = t - 1. Calculate n(8).
7
Let d(x) = -x**2 - 17*x - 14. Determine d(-17).
-14
Let d(y) = y**3 + 11*y**2 + 15*y + 12. Determine d(-10).
-38
Let w(o) = 9*o**2. Determine w(-1).
9
Let y(w) = w**2 - 3*w + 8. Determine y(2).
6
Let k(l) = 2*l**3 - 21*l**2 - 5*l. Determine k(11).
66
Let o(g) = -4*g**2 + 26*g - 5. Calculate o(6).
7
Let f(a) = -6*a - 48. Determine f(-8).
0
Let t(v) = 2*v - 7. Determine t(5).
3
Let u(x) = x**3 + 11*x**2 + 11*x - 5. What is u(-10)?
-15
Let a(h) = -h - 1. What is a(-6)?
5
Let o(q) = 7*q - 135. Determine o(19).
-2
Let s(l) = -7*l**2 - 4*l - 5. Give s(-2).
-25
Let i(n) = -n + 1. Calculate i(5).
-4
Let p(k) = -101*k - 520. Calculate p(-5).
-15
Let t(a) = -2*a + 4. Give t(0).
4
Let s(t) = 2*t**2 - 6*t - 7. Calculate s(4).
1
Let l(r) = r**3 + 26*r**2 + r + 40. What is l(-26)?
14
Let o(d) = d**2 + 5*d - 166. What is o(9)?
-40
Let b(n) = -n**2 - 2*n - 6. Give b(-6).
-30
Let r(f) = -51*f**2 - 2*f. Calculate r(-1).
-49
Let r(z) = 2*z**2 + z - 4. Give r(3).
17
Let v(x) = 2*x**2 - 33*x - 17. Give v(17).
0
Let c(x) = x**2 - 2*x + 2. Give c(0).
2
Let x(a) = -a**2 + 26*a - 24. What is x(25)?
1
Let u(j) = j**3 + j**2 + 2*j - 6. Determine u(4).
82
Let o(b) = 2*b**2 - 11*b - 18. What is o(7)?
3
Let q(p) = -p**3 - 6*p**2 + 3. Determine q(-6).
3
Let d(i) = 2*i**2 - 72*i - 90. Give d(37).
-16
Let i(x) = 2*x**2 + 66*x + 60. Determine i(-32).
-4
Let p(s) = 9*s + 40. Calculate p(-12).
-68
Let g(w) = -w**2 + 3*w + 5. Determine g(-2).
-5
Let r(a) = a**3 - 2*a**2 - 25*a - 7. Calculate r(6).
-13
Let m(x) = 5*x + 41. Determine m(-10).
-9
Let n(m) = 7*m + 37. What is n(-6)?
-5
Let z(n) = n**3 - 4*n**2 - 6*n + 4. Determine z(5).
-1
Let u(b) = 5*b**2 - 19*b - 18. Calculate u(-1).
6
Let p(j) = -15*j**2 + 5*j + 2. What is p(-1)?
-18
Let u(h) = h - 14. Give u(7).
-7
Let t(x) = x**2 + 3*x - 17. Calculate t(4).
11
Let q(z) = -10*z + 